vided by u.
8
Let y = -21 + 27. What is the remainder when y is divided by 3?
0
Let l(d) = -d + 7. Calculate the remainder when 19 is divided by l(-4).
8
Let a(k) = -k**3 - 3*k**2 + 5*k - 10. What is the remainder when 56 is divided by a(-5)?
11
What is the remainder when 74 is divided by (2/2 - -1) + (20 - 3)?
17
Let o(c) = -c + 6. Let b be o(-7). Suppose -b = -2*w + 13. Suppose 4*s - 12 = -4*f, -5*s + 0*f + 4*f = -33. Calculate the remainder when w is divided by s.
3
Let k = -2 - 3. Let g = 5 + k. Suppose g = 2*j - 2*x - 10, -4*x - 3 = -3*j + 12. Calculate the remainder when 8 is divided by j.
3
Suppose -w - 4*w + 5*b = -215, 3*w = 4*b + 126. Let l = 44 - 28. Calculate the remainder when w is divided by l.
14
Let f(i) = -10*i + 1. Let k(c) = 11*c - 2. Let r(b) = 4*f(b) + 3*k(b). Let a = 5 - 7. What is the remainder when 35 is divided by r(a)?
11
Suppose 2*t + 84 = b + 4*b, -2*b + 45 = 3*t. What is the remainder when 40 is divided by b?
4
Suppose 4*n = 4*q + 8, -3*q - 2*n = q + 20. Let p = q + 7. Let k(a) = a**2 - 7*a + 8. What is the remainder when p is divided by k(6)?
1
Let i(g) = 35*g**3 + 1. Let b be i(1). Let w = -12 + b. Calculate the remainder when w is divided by 13.
11
Let i(x) = -x**3 + 5*x + 2. Let n = 2 - -5. Suppose n*h - 32 = 5*h. Calculate the remainder when i(-4) is divided by h.
14
Let t(a) = -8*a - 8. Calculate the remainder when 71 is divided by t(-4).
23
Suppose -3*u + 52 = -2*j, 5*u + j - 104 = -0*u. Suppose -4*y + y = 0. Suppose y*w - 11 = -w. What is the remainder when u is divided by w?
9
Suppose -10 = r - 68. Calculate the remainder when r is divided by 15.
13
Suppose 2*j - j = -y + 31, 0 = 3*j - 5*y - 77. Let p = 9 + j. What is the remainder when p is divided by 13?
12
Suppose 4 = 4*h, -2*v + h + 11 = 2*v. Suppose 0 = -v*z + 3*k, 4*z + 3*k - 6*k - 4 = 0. Calculate the remainder when 1/(2/(-20)*-1) is divided by z.
2
Let l(b) = -b**2 - 15*b - 13. What is the remainder when l(-8) is divided by 11?
10
Suppose -y + 4*y + 57 = 2*f, 0 = 2*y - 6. Calculate the remainder when f is divided by 9.
6
Suppose -5*y + 6*y - 33 = 0. Calculate the remainder when y is divided by 18.
15
Suppose -3*q - 7 = -25. What is the remainder when 8 is divided by q?
2
Suppose 0*k = -2*k - c + 12, -k - c + 7 = 0. Let x = 6 + k. Calculate the remainder when x is divided by 7.
4
Suppose -2*w - 13 = -3*w. Calculate the remainder when w is divided by 7.
6
Suppose 47 = 8*d - 257. Calculate the remainder when 150 is divided by d.
36
What is the remainder when (-213)/(-5) - 2/(-5) is divided by 22?
21
Let m(o) = -7*o - 40. Calculate the remainder when 35 is divided by m(-7).
8
Let x(c) = c**3 + 6*c**2 - 8*c - 33. Let a(v) = -v**3 - 6*v**2 - 6*v - 9. What is the remainder when a(-6) is divided by x(-6)?
12
Let j = 158 + -137. Calculate the remainder when j is divided by 8.
5
Suppose 159*d + 56 = 163*d. What is the remainder when 179 is divided by d?
11
Let y(q) = q**2 + 5*q + 3. Calculate the remainder when 35 is divided by y(-6).
8
Let t = 77 + -55. Calculate the remainder when t is divided by 10.
2
Let c(b) = b - 3. Let m be c(5). What is the remainder when 3 is divided by m/3*(-45)/(-10)?
0
Suppose -b - 6*j + 12 = -2*j, 2*b - 4*j - 12 = 0. Suppose b*n - 10*n = -46. Calculate the remainder when 2/(-2)*(-44)/1 is divided by n.
21
Suppose 4*t - 17 = 3. Let f(y) = 2*y + 1. Suppose -2*z - 32 = -4*a, -2*a - z = -0*z - 8. Calculate the remainder when f(a) is divided by t.
3
Let c = -111 - -125. Calculate the remainder when 50 is divided by c.
8
Let x(l) be the first derivative of -l**3/3 + 2*l**2 + l - 1. Let n be x(-3). Let f = n - -31. What is the remainder when 30 is divided by f?
8
Let l = 28 - 13. Calculate the remainder when 28 is divided by l.
13
Let h(y) = -y**3 + 5*y**2 + 4*y. What is the remainder when h(5) is divided by 11?
9
Let m(z) = z**3 + 18*z**2 + 16*z - 11. Let i be m(-17). Calculate the remainder when 4/6 + 164/i is divided by 15.
13
Suppose 25 = 6*m - m. Suppose m*q = -s + 320, -2*s + 141 = 2*q + s. Calculate the remainder when q is divided by 17.
12
Suppose 0 = -2*h + 4*u + 21 + 9, -4*h - 2*u = -80. What is the remainder when h is divided by -4*(-2 + (-9)/12)?
8
Let z = 18 + -5. Suppose -5*l = -221 - 304. What is the remainder when 3 + 1/(3/l) is divided by z?
12
Let g = 29 - 26. Calculate the remainder when 3 is divided by g.
0
Let c(t) = 2*t**3 + 33*t**2 - 15*t + 36. Calculate the remainder when 3 is divided by c(-17).
1
Let o be -10*((-6)/4 - -1). Suppose -o*h = -h - 36. Suppose -4*r + 4*t + 23 = -t, -r - 2*t + h = 0. What is the remainder when 20 is divided by r?
6
Suppose -d + 39 = 4*x, -4*d + 84 - 13 = -x. What is the remainder when 94 is divided by d?
18
Suppose 3*r - 23 - 31 = 0. Suppose -9 = m - 14. Suppose 2*x - 5*h + 3 - 48 = 0, -4*x - m*h + 15 = 0. Calculate the remainder when r is divided by x.
8
Let v = 499 - 344. Calculate the remainder when v is divided by 12.
11
Let o(d) = d + 1. Let g be o(0). Calculate the remainder when g*(1 + (-24)/(-2)) is divided by 5.
3
Let w = -21 - -22. Let o = 0 + -2. Calculate the remainder when (-26)/(w + o - 1) is divided by 5.
3
Suppose 0*t - 5*t = -35. Let r = 24 - t. What is the remainder when 66 is divided by r?
15
Let q(f) = 2*f + 9. Suppose -4*z = -j - 4*j + 50, 2*j = -z + 7. Calculate the remainder when q(7) is divided by j.
5
Suppose 5*p - 2*p - 161 = -4*u, 5*u - p = 225. What is the remainder when u is divided by 15?
14
Calculate the remainder when (-5 - -1) + 0 - -103 is divided by 34.
31
Suppose -4*g + 2*g + 4*p = -24, -g - 3*p = -12. Calculate the remainder when 34 is divided by g.
10
Suppose -1 - 15 = 4*i. Let k be (38/i)/(2/16). Let d = -46 - k. Calculate the remainder when d is divided by 8.
6
Let i = -24 - -29. Suppose r - 3 - 6 = 0. What is the remainder when r is divided by i?
4
Let c = 170 - 9. Suppose 4*d + 4*a - 77 = 3*d, 2*d + a - c = 0. Calculate the remainder when 1 + 1*d/3 is divided by 15.
13
Let g(z) = 59*z**2 - 2*z + 1. Suppose 12 = -0*r + 2*r. Suppose -5*l = -4*u - 80, 0 = l - 2*u - r - 4. What is the remainder when g(1) is divided by l?
18
Let t(f) = 7*f - 1. Let m(v) = -3*v + 20. Calculate the remainder when m(-6) is divided by t(2).
12
Let b(x) = 22*x + 1. Let r be b(2). Let c = 2 + 3. Suppose -r = -c*k + 35. What is the remainder when 47 is divided by k?
15
Let j = -8 - -34. Let c(u) = -11*u**2. Let z be c(1). What is the remainder when j is divided by (-6 - -2)/2 - z?
8
What is the remainder when 106 is divided by 1*((-84)/(-4) + 1)?
18
Suppose -54 = -5*a + 16. Calculate the remainder when 27 is divided by a.
13
What is the remainder when 99 is divided by 4 - -50 - (2/(-2) + 4)?
48
Suppose 0 = 10*a - 11*a + 10. Calculate the remainder when -14*(-3 + -1 + 2) is divided by a.
8
Suppose 3*v + 5*q = 153, 0 = -4*v - 5*q - 109 + 318. Calculate the remainder when v is divided by 19.
18
Suppose -20 = -2*f - 8. Let a(r) be the first derivative of 2*r**2 + 2*r - 2. Calculate the remainder when a(f) is divided by 9.
8
Suppose 34*t - 140 = 32*t. What is the remainder when t is divided by 15?
10
Let o(k) = k - 1. Let v be o(3). Let y(l) = -l**3 + 6*l**2 + 2*l + 3. Calculate the remainder when y(6) is divided by v - (4 - 1) - -9.
7
Let k(f) = 3*f + 2 - 1 - 3 - 7*f. Let o(v) = -v**3 + 5*v**2 - v + 3. Let l be o(5). What is the remainder when 10 is divided by k(l)?
4
Suppose i + 4*k + 13 = 0, -5*i + 39 = -5*k - 21. Let c = 5 - i. Let g(b) = -16*b + 1. Calculate the remainder when g(c) is divided by 9.
6
Let w = 69 + -61. What is the remainder when 15 is divided by w?
7
Suppose 0 = -2*n - 3*z + 48, -n - 2*z + 3*z = -14. Suppose 7 = i + 4. Suppose i*r + 5 = 35. What is the remainder when n is divided by r?
8
Let y(f) = -f + 33. Let u be y(0). Suppose 0 = 8*h - 7*h - 2. Suppose -h*q + u = 5. Calculate the remainder when q is divided by 8.
6
Let l be 3/(-9) - 43/(-3). Suppose -r - h = -7, 2*r - l = 4*h + 6. Let u = -22 - -35. What is the remainder when u is divided by r?
5
Suppose 4*z - 117 = -n + 2*n, -n - 57 = -2*z. Let l = -9 - -4. Let g = z + l. Calculate the remainder when g is divided by 14.
11
Let m(o) = -4*o - 7. Let k(w) = -w**3 + 8*w**2 + 3. Let c be k(7). Let y = -15 + c. What is the remainder when y is divided by m(-5)?
11
Let v(p) = 6*p**3 - 2*p + 3. Let s be 